/9 - (-272)/3. Calculate the highest common factor of t and p.
30
Let i be 7/(-14) - 10/(-4). Let l(h) = -h**3 - 3 + i*h**2 - 3 - h + 3. Let v be l(-2). Calculate the highest common factor of 10 and v.
5
Suppose 14*s - 53 = 45. Let r = -31 - -66. Calculate the highest common divisor of s and r.
7
Let j = -8 + 6. Let o be 2*22*j/(-8). Let g = o - -5. Calculate the highest common factor of 40 and g.
8
Let r(u) = u**2 + 5*u - 3. Let g be r(-5). Let f be (-2 - -4) + (-3 - g). Suppose 8 = -h + f*h. What is the highest common divisor of 32 and h?
8
Suppose -3*c - 75 = -2*f, -2*f - 6*c + 65 = -11*c. Calculate the greatest common divisor of 75 and f.
15
Suppose 18*j = 376 + 326. What is the greatest common factor of j and 1092?
39
Let n(x) = -6*x**2 - 59*x + 20. Let z be n(-10). Calculate the greatest common factor of 2560 and z.
10
Let m be (2/(-6))/(10/(-90)). Let b(v) be the third derivative of 13*v**5/60 - v**4/8 + 4*v**2. Let z be b(m). What is the highest common divisor of 27 and z?
27
Let f be (-296)/8 + -1 + -1. Let b = f + 45. Calculate the highest common divisor of b and 30.
6
Suppose -3*c - o - 1 = -7, 3*c = -3*o. Let s be 186 + -1 - (c - 1). Suppose -u + s = 3*a + 33, 200 = 4*a - 3*u. What is the highest common factor of a and 20?
10
Let s(y) be the second derivative of -y**5/20 - y**4/4 + y**3/3 + 3*y**2 + 2*y. Let j be s(-4). What is the highest common factor of j and 35?
7
Let v be (1/(-3))/((-22)/8448). What is the highest common factor of v and 32?
32
Let d(q) = q**3 - 6*q**2 + 2. Let j be d(6). Suppose 5 = 3*o + c, 0 = o - j*c - c + 5. Let b = 35 - 24. Calculate the highest common divisor of o and b.
1
Suppose 4*j - 1020 = j. Suppose 13*l - j = 8*l. What is the greatest common factor of l and 17?
17
Suppose 0*c = -2*c - 18. Suppose -11*u = -k - 8*u + 1, 3*k - 3 = 2*u. Let w be (k + (-10)/6)*c. What is the greatest common factor of 2 and w?
2
Let k(x) = -2*x + 6. Let y be k(-5). Suppose -3*o + 5*o = c + 5, 0 = 5*c - 5*o + 20. Let d = c + y. Calculate the highest common divisor of d and 130.
13
Suppose 3*k = -4*k + 756. Suppose -38 - 87 = -5*m. Let i be (k/(-5))/((-5)/m). What is the greatest common factor of 12 and i?
12
Suppose k - 6 = -2*k. Suppose -17*a + 12 + 48 = -2*a. What is the highest common divisor of k and a?
2
Let l be (665/19)/(-3 - 80/(-26)). What is the greatest common divisor of l and 195?
65
Suppose -3*p + 79 = 4*t - 7, -t = p - 28. Suppose 0 = a + 2*n - p, -4*a + 0*n + 77 = -n. What is the highest common factor of a and 10?
10
Let z(c) = c**2 - 13*c - 35. Let b be z(15). Let i = 29 + b. What is the greatest common factor of i and 36?
12
Let k(s) = 4*s - 5. Let b be k(5). Suppose 0 = -v - 4*f + 29, -f = -0*f + 3. Let t = v + -26. Calculate the highest common divisor of b and t.
15
Let y be 12/14*231896/246. Calculate the highest common factor of y and 303.
101
Suppose 2*k + 130 = 4*g, 3*g + 0*g = 5*k + 80. Let t = -3 + 8. What is the greatest common factor of g and t?
5
Let u = -690 + 757. Calculate the greatest common factor of 201 and u.
67
Let c be 18 + ((-32)/(-8) - -2). What is the greatest common divisor of c and 384?
24
Suppose 21 = 5*l + 1, -3*l = -2*u. What is the greatest common factor of 9 and u?
3
Let d = -227 + 412. Calculate the highest common factor of d and 5.
5
Let j = 126 + 49. Calculate the highest common divisor of 25 and j.
25
Let r(f) = f**2 + 14*f - 36. Let x be r(-16). Let z be (820/(-30))/(x/30). What is the highest common factor of 41 and z?
41
Let l = 62 + -62. Suppose l = -4*c + 6*c - 14. Let r be ((-2)/(-4))/((-1)/(-2)). What is the greatest common divisor of r and c?
1
Let y(b) = -b**3 + 8*b**2 + 23*b - 105. Let j be y(9). What is the highest common divisor of j and 9?
3
Let i(k) = 16*k - 86. Let f be i(26). What is the greatest common factor of f and 770?
110
Let w = 132 - 77. Suppose -8*n = 843 - 211. Let c = -74 - n. What is the greatest common factor of c and w?
5
Let l = 63 + -49. Let q be (-30)/(-9)*(-12)/(-10). Suppose q*p - 336 = p. What is the greatest common factor of l and p?
14
Suppose 4*c = -5*q + 1100, 4*q = -0*c - 3*c + 824. What is the highest common factor of c and 490?
70
Suppose l + 3*f - 15 = 0, 2*l - 240*f + 242*f = 46. What is the highest common factor of l and 207?
9
Let n be -156 + (3 - (-7)/(-1)). Let y be (n/(-6))/4*(-297)/(-18). What is the highest common divisor of 22 and y?
22
Let y = -175 + 265. Let r = 96 - y. Calculate the highest common factor of r and 66.
6
Let p be -9 + (461 + 2 - -2). What is the highest common factor of 24 and p?
24
Suppose -83 - 161 = -77*d + 141. Suppose o - 3*x + 75 = 3*o, -4*o = x - 175. What is the highest common factor of d and o?
5
Let b = -77 - -78. Suppose -x - b + 28 = 0. Let u = 360 + -225. What is the highest common factor of x and u?
27
Let w be 6/(-14) + ((-106002)/(-63))/6. What is the highest common divisor of w and 4?
4
Suppose 18*u = 10*u + 280. Calculate the highest common factor of 28 and u.
7
Let g = 4085 - 2909. Calculate the highest common divisor of 28 and g.
28
Suppose 3*w - 4*d = 58, -16 = 8*d - 4*d. Calculate the greatest common factor of w and 63.
7
Let b = -40 - -100. Let i be -5*(3 + (-11)/(-5)). Let a = i - -38. Calculate the greatest common factor of b and a.
12
Let p(q) = 20*q + 41. Let t be p(-2). Let v(s) = s**2 + s + 5. Let x be v(-4). What is the highest common factor of x and t?
1
Let g = 2 + -2. Let u = 0 + g. Suppose -4*j - 121 + 601 = u. What is the highest common factor of j and 15?
15
Suppose 0 = 6*w + 12 - 42. Let u be (-8 - (-15)/w) + 9. What is the greatest common divisor of u and 60?
4
Let v = 1724 + -1414. Calculate the highest common divisor of 20 and v.
10
Let n be (-12)/(-18) - (-3432)/36. Calculate the greatest common factor of 48 and n.
48
Let d be 12/(((-8)/6)/((-2)/3)). Let v be 21 + (-3)/d + 36/8. Suppose 3*t = 4*t - 275. What is the greatest common factor of v and t?
25
Let o = 343 + -335. What is the greatest common divisor of o and 24?
8
Let o(y) = y**2 - 6*y - 8. Let d be o(7). Let l be ((-18)/8)/(d/4). What is the greatest common factor of 99 and l?
9
Let c(l) = 2*l**2 + 11*l - 3. Let y be c(-7). Let t = y + -12. Suppose 2*r = t*r - 52. What is the greatest common factor of 91 and r?
13
Let m = -405 + 406. Calculate the highest common factor of m and 13.
1
Let j(x) = x**2 + 31*x - 238. Let u be j(11). Calculate the highest common factor of 7 and u.
7
Let u be 0 + (0 + 4)*1. Suppose 4*p + 26 + 170 = 0. Let k = 77 + p. What is the greatest common divisor of u and k?
4
Let l = -105 - -556. Calculate the greatest common divisor of l and 11.
11
Suppose -3*s - 3*x = -8190, 0 = s + 4*x - 5*x - 2724. Calculate the highest common factor of 27 and s.
27
Let y(q) = -15*q + 21. Let m be y(5). Let x = -42 - m. Calculate the greatest common factor of x and 8.
4
Let y = 509 - -285. Let b be (-192)/8*210/9. Let u = b + y. What is the highest common factor of u and 26?
26
Suppose -61 = -6*n - 19. Suppose 0 = n*h - 12*h + 900. Calculate the highest common factor of h and 20.
20
Let r(q) = -2*q**3 - 2*q**2 - 6*q - 3. Let x be r(-4). Let s(v) = 4*v**2 - 2*v + 1. Let y be s(2). Calculate the greatest common factor of y and x.
13
Let j be 8 + 66 + (-3)/1 - -4. Calculate the highest common divisor of j and 275.
25
Let p = 127 - 153. Let j = 39 - p. What is the greatest common divisor of 26 and j?
13
Suppose -23 = -3*t - 2. Let p = t - -1. Suppose 8*g - 233 = -193*g + 571. Calculate the greatest common divisor of g and p.
4
Let a be (-2 - 80/(-35)) + (-410)/(-35). What is the highest common divisor of a and 768?
12
Let d = -1240 - -1289. Calculate the greatest common factor of 98 and d.
49
Let u(y) = -y**3 + 2*y**2 + 2*y - 2. Let f be u(-2). Calculate the greatest common divisor of 250 and f.
10
Let i(g) = 18*g - 30. Let q be i(2). Calculate the greatest common factor of 138 and q.
6
Let b = 20 + -70. Let s be (52/(-5))/(4/b). Calculate the highest common factor of s and 10.
10
Let h be -14 + 21 - (-1470 + 1). Calculate the greatest common factor of 18 and h.
18
Let i = -47 - -84. Suppose 38*k - 18 = i*k. What is the greatest common divisor of 126 and k?
18
Suppose 0 = h - 0*h - 104. Calculate the highest common factor of 26 and h.
26
Let x(b) = -b**2 + 17*b - 14. Let z be x(15). Suppose -147 =